common divisor of 252977386 and 91269?
10141
Calculate the greatest common factor of 2820 and 39140.
20
What is the highest common divisor of 505373 and 33?
11
Calculate the greatest common divisor of 88 and 3666920.
8
Calculate the greatest common divisor of 3108339 and 72.
9
Calculate the greatest common factor of 45 and 5926575.
15
What is the greatest common factor of 157 and 202861741?
157
What is the highest common factor of 443384 and 2432?
152
Calculate the greatest common divisor of 86909652 and 90.
18
Calculate the greatest common factor of 7319981 and 271.
271
Calculate the greatest common factor of 26397432 and 104.
8
Calculate the greatest common divisor of 412992 and 3260.
4
Calculate the greatest common factor of 3024 and 24384584.
56
What is the greatest common factor of 97875870 and 5220?
870
What is the highest common divisor of 2728544 and 617344?
2912
What is the greatest common divisor of 80888 and 223?
1
What is the greatest common divisor of 949340301 and 10374?
5187
What is the greatest common factor of 175104 and 70428?
12
Calculate the greatest common factor of 476190 and 2171.
13
What is the highest common divisor of 98832 and 174021?
213
What is the greatest common divisor of 67 and 27721853?
67
What is the highest common factor of 318870198 and 19?
19
Calculate the greatest common factor of 403560 and 312.
24
Calculate the greatest common factor of 267119120 and 80.
80
Calculate the highest common factor of 720 and 1636560.
720
Calculate the greatest common divisor of 771 and 1082770041.
771
What is the highest common divisor of 117950253 and 22449?
3207
What is the greatest common divisor of 1128839 and 9824?
307
What is the greatest common divisor of 370590 and 272889?
3369
What is the highest common divisor of 113 and 3300391?
113
What is the highest common factor of 68125 and 46325?
2725
What is the highest common divisor of 359008 and 192?
32
What is the highest common factor of 8448481 and 1744?
109
What is the greatest common divisor of 2519 and 6347?
11
What is the greatest common factor of 475 and 1198615?
95
What is the highest common divisor of 506161 and 1475?
59
What is the highest common divisor of 10673455 and 3029?
13
Calculate the greatest common divisor of 17702415 and 7965.
135
What is the greatest common factor of 1030 and 2509168065?
515
What is the greatest common factor of 5052888 and 22922?
314
Calculate the greatest common divisor of 30152713 and 34.
17
What is the highest common divisor of 46896903 and 207?
9
What is the greatest common divisor of 12542085 and 3?
3
Calculate the highest common divisor of 28304599 and 2471.
353
What is the highest common factor of 108 and 82471356?
36
Calculate the greatest common factor of 78012 and 235177812.
7092
What is the highest common factor of 56595 and 41910?
165
Calculate the greatest common factor of 2324856 and 196206.
3702
Calculate the greatest common factor of 30 and 30340326.
6
Calculate the highest common divisor of 181701 and 1840761.
117
What is the greatest common factor of 2617914 and 52?
26
What is the highest common divisor of 1007456 and 35720?
152
Calculate the highest common factor of 946764 and 210.
42
Calculate the highest common factor of 2970 and 28032210.
270
Calculate the greatest common factor of 3009888 and 16576.
224
What is the highest common factor of 3255282 and 16146?
1242
Calculate the greatest common factor of 3240 and 6679260.
1620
Calculate the greatest common divisor of 535 and 7390811.
107
What is the greatest common factor of 18780 and 56673345?
4695
What is the highest common factor of 131206 and 60401?
289
What is the highest common factor of 27724809 and 63?
21
Calculate the greatest common divisor of 43987964 and 2204.
76
What is the greatest common divisor of 59157 and 1197693?
189
Calculate the highest common factor of 6756249 and 19104.
597
What is the highest common divisor of 1525944 and 4463256?
5208
What is the highest common factor of 725 and 138126275?
725
What is the greatest common factor of 585 and 756905?
5
Calculate the highest common divisor of 29930 and 4753130.
410
Calculate the highest common factor of 144 and 276102.
18
Calculate the greatest common factor of 2110 and 1784005.
1055
What is the greatest common divisor of 446735616 and 24?
24
What is the greatest common divisor of 43669318 and 23782?
506
Calculate the highest common divisor of 19 and 4406.
1
What is the highest common factor of 16239102 and 6138?
2046
Calculate the highest common divisor of 21429 and 2736.
9
What is the greatest common factor of 208 and 71752?
8
Calculate the greatest common factor of 1252008 and 192.
24
What is the highest common divisor of 8725 and 5982209?
349
What is the highest common divisor of 354409 and 123904?
121
Calculate the highest common divisor of 39 and 9864881.
13
What is the greatest common divisor of 8836512 and 28552?
664
Calculate the greatest common divisor of 820 and 6420.
20
Calculate the highest common divisor of 136473962 and 59.
59
Calculate the greatest common factor of 1268354 and 26.
2
What is the greatest common factor of 2 and 58989264?
2
What is the greatest common factor of 6735408 and 144?
48
What is the greatest common divisor of 1562256 and 194256?
2736
What is the highest common factor of 598 and 2423464?
46
What is the greatest common divisor of 21820299 and 1377?
51
What is the highest common divisor of 1378344 and 4922?
46
Calculate the highest common divisor of 5016 and 2559984.
456
Calculate the highest common divisor of 29850060 and 610.
10
Calculate the highest common factor of 9164853 and 918.
459
Calculate the highest common factor of 38064 and 1206816.
624
What is the highest common factor of 27942191 and 372534?
2141
What is the greatest common factor of 364 and 3916549?
91
What is the highest common factor of 1599030 and 2412?
18
Calculate the greatest common factor of 504321 and 9545.
23
What is the greatest common factor of 66259 and 17492759?
383
Calculate the highest common divisor of 1012515 and 10360.
35
What is the greatest common divisor of 5777 and 359591?
109
What is the highest common factor of 34 and 47710823?
17
Calculate the greatest common factor of 633672 and 792.
72
Calculate the highest common factor of 491940008 and 92.
92
What is the greatest common divisor of 38583404 and 138550?
5542
What is the highest common divisor of 3335 and 140163380?
3335
Calculate the highest common factor of 93 and 249004958.
31
What is the highest common divisor of 22140 and 122194350?
3690
What is the highest common divisor of 32163411 and 42?
21
What is the greatest common factor of 38498 and 42064?
2
Calculate the greatest common divisor of 3476 and 624416.
316
What is the greatest common factor of 725 and 9951785?
145
Calculate the highest common divisor of 52 and 1455610.
26
What is the greatest common divisor of 1376 and 57735455?
43
What is the greatest common factor of 6222832 and 99?
11
What is the greatest common factor of 3664961 and 74?
37
What is the highest common divisor of 70544698 and 42658?
3878
What is the greatest common factor of 78445500 and 175?
175
What is the greatest common factor of 11635 and 1011075?
65
What is the greatest common factor of 5624685 and 495?
495
What is the greatest common divisor of 1084 and 8480674?
542
What is the highest common divisor of 372414 and 94?
2
What is the highest common divisor of 43571 and 4301?
187
What is the greatest common divisor of 6586912 and 301?
43
What is the highest common divisor of 387527 and 4648?
581
Calculate the highest common divisor of 179409 and 11352729.
2271
Calculate the highest common divisor of 39709190 and 3074.
106
What is the greatest common divisor of 9360 and 16982160?
3120
What is the greatest common factor of 47872771 and 262?
131
Calculate the greatest common divisor of 56 and 11380166.
14
What is the highest common divisor of 504413 and 5830513?
3133
Calculate the greatest common factor of 46332 and 750607.
143
What is the greatest common factor of 1101106 and 118?
2
What is the greatest common factor of 446592 and 22029546?
6978
What is the greatest common factor of 123984 and 1459764?
1476
What is the highest common factor of 951512 and 64?
8
What is the highe